{"id":2957,"date":"2021-03-04T15:56:16","date_gmt":"2021-03-04T14:56:16","guid":{"rendered":"http:\/\/ensak.usms.ac.ma\/ensak\/?page_id=2957"},"modified":"2021-03-05T10:20:05","modified_gmt":"2021-03-05T09:20:05","slug":"testmonial_hamzahachime","status":"publish","type":"page","link":"http:\/\/ensak.usms.ac.ma\/ensak\/testmonial_hamzahachime\/","title":{"rendered":"Hamza HACHIME"},"content":{"rendered":"<div id=\"pl-2957\"  class=\"panel-layout\" ><div id=\"pg-2957-0\"  class=\"panel-grid panel-has-style\" ><div class=\"container panel-row-style panel-row-style-for-2957-0\" ><div id=\"pgc-2957-0-0\"  class=\"panel-grid-cell\" ><div id=\"panel-2957-0-0-0\" class=\"so-panel widget widget_text panel-first-child panel-last-child\" data-index=\"0\" ><div class=\"panel-widget-style panel-widget-style-for-2957-0-0-0\" >\t\t\t<div class=\"textwidget\"><style>\n.testimonial-text {\n    position: relative;\n    padding: 20px 21px;\n    margin-bottom: 7px;\n    background: #efefef;\n    border-radius: 4px;\n    font-style: italic;\n}\n.testimonial-author {\n    padding-left: 50px;\n    padding-right: 50px;\n}\n.testimonial-author-name {\n    display: inline-block;\n    vertical-align: middle;\n    font-weight: 400;\n}\n.testimonial-text:after {\n    content: '';\n    display: block;\n    position: absolute;\n    top: 100%;\n    left: 32px;\n    border: transparent 10px solid;\n    border-top: #efefef 10px solid;\n}\n<\/style>\n<p class=\"testimonial-text\">\nDipl\u00f4m\u00e9 de l\u2019Ecole Nationale des Sciences Appliqu\u00e9es de Khouribga en G\u00e9nie des R\u00e9seaux et de t\u00e9l\u00e9communications. \nJ\u2019ai d\u00e9but\u00e9 ma carri\u00e8re chez Deloitte Nearshore en Septembre 2020 o\u00f9 j\u2019interviens principalement sur des missions d\u2019audit IT, analyse des donn\u00e9es et audit de tiers. \nJe me passionne pour tout ce qui a trait \u00e0 l\u2019infographie et montage vid\u00e9o.\n\u00ab La qualit\u00e9 n\u2019est pas une action - c\u2019est une habitude \u00bb Aristote\n<\/p>\n\n<div class=\"testimonial-author\">\n                      <img src=\"\/ensak\/wp-content\/uploads\/2021\/03\/Hamza-HACHIME_25x25.jpg\" alt=\"\" class=\"img-circle\">\n                <h5 class=\"text-muted-light testimonial-author-name\">\n        <strong>Hamza HACHIME<\/strong> - Auditeur IT    <\/h5>\n<\/div><\/div>\n\t\t<\/div><\/div><\/div><\/div><\/div><\/div>","protected":false},"excerpt":{"rendered":"<p>Dipl\u00f4m\u00e9 de l\u2019Ecole Nationale des Sciences Appliqu\u00e9es de Khouribga en G\u00e9nie des R\u00e9seaux et de t\u00e9l\u00e9communications. J\u2019ai d\u00e9but\u00e9 ma carri\u00e8re chez Deloitte Nearshore en Septembre 2020 o\u00f9 j\u2019interviens principalement sur des missions d\u2019audit IT, analyse des donn\u00e9es et audit de tiers. Je me passionne pour tout ce qui a trait \u00e0 l\u2019infographie et montage vid\u00e9o. [&hellip;]<\/p>\n","protected":false},"author":2,"featured_media":0,"parent":0,"menu_order":0,"comment_status":"closed","ping_status":"closed","template":"page-templates\/tpl-pagebuilder.php","meta":{"ngg_post_thumbnail":0,"cybocfi_hide_featured_image":""},"acf":[],"_links":{"self":[{"href":"http:\/\/ensak.usms.ac.ma\/ensak\/wp-json\/wp\/v2\/pages\/2957"}],"collection":[{"href":"http:\/\/ensak.usms.ac.ma\/ensak\/wp-json\/wp\/v2\/pages"}],"about":[{"href":"http:\/\/ensak.usms.ac.ma\/ensak\/wp-json\/wp\/v2\/types\/page"}],"author":[{"embeddable":true,"href":"http:\/\/ensak.usms.ac.ma\/ensak\/wp-json\/wp\/v2\/users\/2"}],"replies":[{"embeddable":true,"href":"http:\/\/ensak.usms.ac.ma\/ensak\/wp-json\/wp\/v2\/comments?post=2957"}],"version-history":[{"count":3,"href":"http:\/\/ensak.usms.ac.ma\/ensak\/wp-json\/wp\/v2\/pages\/2957\/revisions"}],"predecessor-version":[{"id":2982,"href":"http:\/\/ensak.usms.ac.ma\/ensak\/wp-json\/wp\/v2\/pages\/2957\/revisions\/2982"}],"wp:attachment":[{"href":"http:\/\/ensak.usms.ac.ma\/ensak\/wp-json\/wp\/v2\/media?parent=2957"}],"curies":[{"name":"wp","href":"https:\/\/api.w.org\/{rel}","templated":true}]}}