{"id":2922,"date":"2021-03-04T14:01:41","date_gmt":"2021-03-04T13:01:41","guid":{"rendered":"http:\/\/ensak.usms.ac.ma\/ensak\/?page_id=2922"},"modified":"2021-03-04T15:45:56","modified_gmt":"2021-03-04T14:45:56","slug":"testimonial_elboustanimohammed","status":"publish","type":"page","link":"http:\/\/ensak.usms.ac.ma\/ensak\/testimonial_elboustanimohammed\/","title":{"rendered":"Mohammed EL BOUSTANI"},"content":{"rendered":"<div id=\"pl-2922\"  class=\"panel-layout\" ><div id=\"pg-2922-0\"  class=\"panel-grid panel-has-style\" ><div class=\"container panel-row-style panel-row-style-for-2922-0\" ><div id=\"pgc-2922-0-0\"  class=\"panel-grid-cell\" ><div id=\"panel-2922-0-0-0\" class=\"so-panel widget widget_text panel-first-child panel-last-child\" data-index=\"0\" ><div class=\"panel-widget-style panel-widget-style-for-2922-0-0-0\" >\t\t\t<div class=\"textwidget\"><style>\n.testimonial-text {\n    position: relative;\n    padding: 20px 21px;\n    margin-bottom: 7px;\n    background: #efefef;\n    border-radius: 4px;\n    font-style: italic;\n}\n.testimonial-author {\n    padding-left: 50px;\n    padding-right: 50px;\n}\n.testimonial-author-name {\n    display: inline-block;\n    vertical-align: middle;\n    font-weight: 400;\n}\n.testimonial-text:after {\n    content: '';\n    display: block;\n    position: absolute;\n    top: 100%;\n    left: 32px;\n    border: transparent 10px solid;\n    border-top: #efefef 10px solid;\n}\n<\/style>\n<p class=\"testimonial-text\">\nPlus qu\u2019une simple \u00e9cole d\u2019ing\u00e9nieur d\u2019\u00e9tat. Int\u00e9grer L\u2019ENSA KHOURIBGA, c\u2019est construire et d\u00e9velopper ta propre carri\u00e8re, selon tes aspirations et tes ambitions. C\u2019est faire le choix de vivre de nouvelles exp\u00e9riences d\u2019apprentissage, de lib\u00e9rer ton potentiel cr\u00e9atif et de b\u00e9n\u00e9ficier de la pluralit\u00e9 des disciplines pour saisir des opportunit\u00e9s de mobilit\u00e9 ou d\u00e9couvrir de nouveaux horizons au Maroc.\nLa formation au sein de l\u2019\u00e9cole m\u2019a permis de d\u00e9velopper et d\u2019am\u00e9liorer plusieurs comp\u00e9tences dans de multiples domaines comme l\u2019\u00e9lectronique de puissance, automatisme, l\u2019informatique industrielle\u2026 Des connaissances que j\u2019ai pues parfaire \u00e0 travers la r\u00e9alisation de\ndivers projets, qui m\u2019ont donn\u00e9 occasion de participer \u00e0 plusieurs \u00e9v\u00e8nements nationaux et de gagner beaucoup de prix.\nConscient qu\u2019un ing\u00e9nieur n\u2019est pas seulement la formation acad\u00e9mique, j\u2019ai particip\u00e9 \u00e0 beaucoup d\u2019activit\u00e9s parascolaires au sein et en dehors de l\u2019\u00e9cole, afin d\u2019acqu\u00e9rir non seulement du savoir-faire en ing\u00e9nierie \u00e9lectrique, mais aussi un sens de responsabilit\u00e9, de la productivit\u00e9, le travail d\u2019\u00e9quipe et la possibilit\u00e9 de m\u2019adapter rapidement dans le milieu professionnel.\nPour avoir un potentiel fort dans l\u2019avenir, N\u2019oubliez jamais de travailler sur les 3S qui sont : le savoir, le savoir-faire et le savoir \u00eatre afin de faire r\u00e9ussir l\u2019\u00e9quation suivante : Comp\u00e9tences + valeurs + motivation = potentiel.\n<\/p>\n\n<div class=\"testimonial-author\">\n                      <img src=\"\/ensak\/wp-content\/uploads\/2021\/03\/ELBOUSTANIMohammed-25x25.jpg\" alt=\"\" class=\"img-circle\">\n                <h5 class=\"text-muted-light testimonial-author-name\">\n        <strong>Mohammed EL BOUSTANI<\/strong> - Ing\u00e9nieur maintenance \u00e9lectrique et chef de projet    <\/h5>\n<\/div><\/div>\n\t\t<\/div><\/div><\/div><\/div><\/div><\/div>","protected":false},"excerpt":{"rendered":"<p>Plus qu\u2019une simple \u00e9cole d\u2019ing\u00e9nieur d\u2019\u00e9tat. Int\u00e9grer L\u2019ENSA KHOURIBGA, c\u2019est construire et d\u00e9velopper ta propre carri\u00e8re, selon tes aspirations et tes ambitions. C\u2019est faire le choix de vivre de nouvelles exp\u00e9riences d\u2019apprentissage, de lib\u00e9rer ton potentiel cr\u00e9atif et de b\u00e9n\u00e9ficier de la pluralit\u00e9 des disciplines pour saisir des opportunit\u00e9s de mobilit\u00e9 ou d\u00e9couvrir de nouveaux [&hellip;]<\/p>\n","protected":false},"author":2,"featured_media":0,"parent":0,"menu_order":0,"comment_status":"closed","ping_status":"closed","template":"page-templates\/tpl-pagebuilder.php","meta":{"ngg_post_thumbnail":0,"cybocfi_hide_featured_image":""},"acf":[],"_links":{"self":[{"href":"http:\/\/ensak.usms.ac.ma\/ensak\/wp-json\/wp\/v2\/pages\/2922"}],"collection":[{"href":"http:\/\/ensak.usms.ac.ma\/ensak\/wp-json\/wp\/v2\/pages"}],"about":[{"href":"http:\/\/ensak.usms.ac.ma\/ensak\/wp-json\/wp\/v2\/types\/page"}],"author":[{"embeddable":true,"href":"http:\/\/ensak.usms.ac.ma\/ensak\/wp-json\/wp\/v2\/users\/2"}],"replies":[{"embeddable":true,"href":"http:\/\/ensak.usms.ac.ma\/ensak\/wp-json\/wp\/v2\/comments?post=2922"}],"version-history":[{"count":17,"href":"http:\/\/ensak.usms.ac.ma\/ensak\/wp-json\/wp\/v2\/pages\/2922\/revisions"}],"predecessor-version":[{"id":2951,"href":"http:\/\/ensak.usms.ac.ma\/ensak\/wp-json\/wp\/v2\/pages\/2922\/revisions\/2951"}],"wp:attachment":[{"href":"http:\/\/ensak.usms.ac.ma\/ensak\/wp-json\/wp\/v2\/media?parent=2922"}],"curies":[{"name":"wp","href":"https:\/\/api.w.org\/{rel}","templated":true}]}}