{"id":1590,"date":"2020-09-05T15:51:39","date_gmt":"2020-09-05T15:51:39","guid":{"rendered":"http:\/\/ensak.usms.ac.ma\/ensak\/?page_id=1590"},"modified":"2026-04-01T09:55:30","modified_gmt":"2026-04-01T08:55:30","slug":"genie-electrique","status":"publish","type":"page","link":"http:\/\/ensak.usms.ac.ma\/ensak\/genie-electrique\/","title":{"rendered":"D\u00e9partement G\u00e9nie Electrique"},"content":{"rendered":"<div id=\"pl-1590\"  class=\"panel-layout\" ><div id=\"pg-1590-0\"  class=\"panel-grid panel-has-style\" ><div class=\"container panel-row-style panel-row-style-for-1590-0\" ><div id=\"pgc-1590-0-0\"  class=\"panel-grid-cell\" ><div id=\"panel-1590-0-0-0\" class=\"so-panel widget widget_text panel-first-child panel-last-child\" data-index=\"0\" ><div class=\"panel-widget-style panel-widget-style-for-1590-0-0-0\" >\t\t\t<div class=\"textwidget\"><style>\ntable {\n  border-collapse: collapse;\n  border-spacing: 0;\n  width: 100%;\n  border: 1px solid #ddd;\n}\n\nth, td {\n  text-align: left;\n  padding: 16px;\n}\n\ntr:nth-child(even) {\n  background-color: #f2f2f2;\n}\n<\/style>\n<table border=\"1\" width=\"750\" cellspacing=\"1\" cellpadding=\"1\" style=\"width:80%;\">\n<tbody>\n<tr>\n<td><strong>Chef de d\u00e9partement<\/strong><\/td>\n<td>EL BARBRI Noureddine<\/td>\n<\/tr>\n<tr>\n<td><strong>Adjoint du chef de d\u00e9partement\u00a0<\/strong><\/td>\n<td>-<\/td>\n<\/tr>\n<\/tbody>\n<\/table>\n<h2 style=\"color: #fd4361;\">Fili\u00e8re rattach\u00e9e au d\u00e9partement<\/h2>\n<p>\n<h4 style=\"margin-left: 30px;\"><a href=\"\/ensak\/wp-content\/uploads\/2026\/04\/Depliant-GE-25-26.pdf\" style=\"margin-left: 30px;\">Fili\u00e8re ing\u00e9nieur en - G\u00e9nie Electrique -<\/a><\/h4>\n<\/p>\n<h2 style=\"color: #fd4361;\">Membres<\/h2>\n<table border=\"1\" width=\"750\" cellspacing=\"1\" cellpadding=\"1\" style=\"width:80%;\">\n<tbody>\n<tr>\n<td style=\"color: #1163ad;\"><strong>Nom et Pr\u00e9nom<\/strong><\/td>\n<td style=\"color: #1163ad;\"><strong>Adresse E-mail<\/strong><\/td>\n<\/tr>\n<tr>\n<td>AMEZIANE Hatim<\/td>\n<td class=\"rtecenter\"><a href=\"mailto:h.ameziane@usms.ma\">h.ameziane@usms.ma<\/a><\/td>\n<\/tr>\n<tr>\n<td>AMHARECH Amine<\/td>\n<td class=\"rtecenter\"><a href=\"mailto:a.amharech@usms.ma\">a.amharech@usms.ma<\/a><\/td>\n<\/tr>\n<tr>\n<td>BENDAOUD Mohamed<\/td>\n<td class=\"rtecenter\"><a href=\"mailto:m.bendaoud@usms.ma\">m.bendaoud@usms.ma<\/a><\/td>\n<\/tr>\n<tr>\n<td>CHIKH Khalid<\/td>\n<td class=\"rtecenter\"><a href=\"mailto:k.chikh@usms.ma\">k.chikh@usms.ma<\/a><\/td>\n<\/tr>\n<tr>\n<td>EL BARBRI Noureddine<\/td>\n<td class=\"rtecenter\"><a href=\"mailto:n.elbarbri@usms.ma\">n.elbarbri@usms.ma<\/a><\/td>\n<\/tr>\n<td>ERRACHID Ismail<\/td>\n<td class=\"rtecenter\"><a href=\"mailto:i.errachid@usms.ma\">i.errachid@usms.ma<\/a><\/td>\n<\/tr>\n<tr>\n<td>KHAMLICH Salahddine<\/td>\n<td class=\"rtecenter\"><a href=\"mailto:s.khamlich@usms.ma\">s.khamlich@usms.ma<\/a><\/td>\n<\/tr>\n<tr>\n<td>LOKRITI Abdesslam<\/td>\n<td class=\"rtecenter\"><a href=\"mailto:a.lokriti@usms.ma\">a.lokriti@usms.ma<\/a><\/td>\n<\/tr>\n<tr>\n<td>MAAIDER Kamal<\/td>\n<td class=\"rtecenter\"><a href=\"mailto:k.maaider@usms.ma\">k.maaider@usms.ma<\/a><\/td>\n<\/tr>\n<tr>\n<td>MASSOUR EL AOUD Mohamed<\/td>\n<td class=\"rtecenter\"><a href=\"mailto:m.massour@usms.ma\">massour@usms.ma<\/a><\/td>\n<\/tr>\n<tr>\n<td>RHOFIR Karim<\/td>\n<td class=\"rtecenter\"><a href=\"mailto:k.rhofir@usms.ma\">k.rhofir@usms.ma<\/a><\/td>\n<\/tr>\n<tr>\n<td>BAGHDADI Hajar<\/td>\n<td class=\"rtecenter\"><a href=\"mailto:h.baghdadi@usms.ma\">h.baghdadi@usms.ma<\/a><\/td>\n<\/tr>\n<tr>\n<td>AMKOR Ali<\/td>\n<td class=\"rtecenter\"><a href=\"mailto:a.amkor@usms.ma\">a.amkor@usms.ma<\/a><\/td>\n<\/tr>\n<\/tbody>\n<\/table><\/div>\n\t\t<\/div><\/div><\/div><\/div><\/div><\/div>","protected":false},"excerpt":{"rendered":"<p>Chef de d\u00e9partement EL BARBRI Noureddine Adjoint du chef de d\u00e9partement\u00a0 &#8211; Fili\u00e8re rattach\u00e9e au d\u00e9partement Fili\u00e8re ing\u00e9nieur en &#8211; G\u00e9nie Electrique &#8211; Membres Nom et Pr\u00e9nom Adresse E-mail AMEZIANE Hatim h.ameziane@usms.ma AMHARECH Amine a.amharech@usms.ma BENDAOUD Mohamed m.bendaoud@usms.ma CHIKH Khalid k.chikh@usms.ma EL BARBRI Noureddine n.elbarbri@usms.ma ERRACHID Ismail i.errachid@usms.ma KHAMLICH Salahddine s.khamlich@usms.ma LOKRITI Abdesslam a.lokriti@usms.ma MAAIDER [&hellip;]<\/p>\n","protected":false},"author":2,"featured_media":0,"parent":0,"menu_order":0,"comment_status":"closed","ping_status":"closed","template":"page-templates\/tpl-pagebuilder.php","meta":{"ngg_post_thumbnail":0,"cybocfi_hide_featured_image":""},"acf":[],"_links":{"self":[{"href":"http:\/\/ensak.usms.ac.ma\/ensak\/wp-json\/wp\/v2\/pages\/1590"}],"collection":[{"href":"http:\/\/ensak.usms.ac.ma\/ensak\/wp-json\/wp\/v2\/pages"}],"about":[{"href":"http:\/\/ensak.usms.ac.ma\/ensak\/wp-json\/wp\/v2\/types\/page"}],"author":[{"embeddable":true,"href":"http:\/\/ensak.usms.ac.ma\/ensak\/wp-json\/wp\/v2\/users\/2"}],"replies":[{"embeddable":true,"href":"http:\/\/ensak.usms.ac.ma\/ensak\/wp-json\/wp\/v2\/comments?post=1590"}],"version-history":[{"count":29,"href":"http:\/\/ensak.usms.ac.ma\/ensak\/wp-json\/wp\/v2\/pages\/1590\/revisions"}],"predecessor-version":[{"id":9114,"href":"http:\/\/ensak.usms.ac.ma\/ensak\/wp-json\/wp\/v2\/pages\/1590\/revisions\/9114"}],"wp:attachment":[{"href":"http:\/\/ensak.usms.ac.ma\/ensak\/wp-json\/wp\/v2\/media?parent=1590"}],"curies":[{"name":"wp","href":"https:\/\/api.w.org\/{rel}","templated":true}]}}