{"id":1415,"date":"2020-09-04T11:04:24","date_gmt":"2020-09-04T11:04:24","guid":{"rendered":"http:\/\/ensak.usms.ac.ma\/ensak\/?page_id=1415"},"modified":"2026-04-01T09:51:58","modified_gmt":"2026-04-01T08:51:58","slug":"formation-initiale","status":"publish","type":"page","link":"http:\/\/ensak.usms.ac.ma\/ensak\/formation-initiale\/","title":{"rendered":"Formation initiale"},"content":{"rendered":"<div id=\"pl-1415\"  class=\"panel-layout\" ><div id=\"pg-1415-0\"  class=\"panel-grid panel-has-style\" ><div class=\"container panel-row-style panel-row-style-for-1415-0\" ><div id=\"pgc-1415-0-0\"  class=\"panel-grid-cell\" ><div id=\"panel-1415-0-0-0\" class=\"so-panel widget widget_text panel-first-child\" data-index=\"0\" ><div class=\"panel-widget-style panel-widget-style-for-1415-0-0-0\" ><h3 class=\"widget-title\">Formation Ing\u00e9nieur d\u2019Etat<\/h3>\t\t\t<div class=\"textwidget\"><img src=\"\/ensak\/wp-content\/uploads\/2025\/01\/Organigrame-ENSAK.jpeg\" width=\"600px\" align=\"right\" style=\"margin-left:30px;margin-top:8px;\" \/><p><b>Une formation scientifique, technologique et humaine de haut niveau<\/b><\/p>\n<p>La formation s\u2019\u00e9tale sur 5 ann\u00e9es : les deux ann\u00e9es pr\u00e9paratoires et les 3 ann\u00e9es du cycle ing\u00e9nieur.<\/p>\n<p><a href=\"\/ensak\/wp-content\/uploads\/2025\/01\/Organigrame-ENSAK.jpeg\"><i class=\"fa fa-file-pdf-o\" aria-hidden=\"true\"><\/i> T\u00e9l\u00e9charger l\u2019organigramme<\/a><\/p>\n\n<h3>Ann\u00e9es Pr\u00e9paratoires Int\u00e9gr\u00e9es<\/h3>\n<p>Permet \u00e0 l\u2019\u00e9l\u00e8ve ing\u00e9nieur d\u2019acqu\u00e9rir des connaissances solides en math\u00e9matiques et physique ainsi qu\u2019une initiation \u00e0 l\u2019informatique.<\/p>\n<p><a href=\"\/ensak\/wp-content\/uploads\/2026\/04\/Depliant-API-25-26.pdf\"><i class=\"fa fa-file-pdf-o\" aria-hidden=\"true\"><\/i> T\u00e9l\u00e9charger le d\u00e9pliant<\/a><\/p>\n\n<h3>Cycle Ing\u00e9nieur d\u2019Etat<\/h3>\n<p>Sanctionn\u00e9 par un dipl\u00f4me d'ing\u00e9nieur d'Etat, le cycle ing\u00e9nieur est un cursus de formation d'enseignement sup\u00e9rieur d'une dur\u00e9e de six semestres (S5, S6, S7, S8, S9 et S10) accessible selon les conditions suivantes...<\/p>\n<div class=\"panel-group\" id=\"custom-collapse-0\">\n<div class=\"panel panel-default\">\r\n\t\t\t\t<div class=\"panel-heading\">\r\n\t\t\t\t\t<h4 class=\"panel-title\">\r\n\t\t\t\t\t\t<a class=\"collapsed\" data-toggle=\"collapse\" data-parent=\"#custom-collapse-0\" href=\"#custom-collapse-0-0\">Lire la suite...<\/a>\r\n\t\t\t\t\t<\/h4>\r\n\t\t\t\t<\/div>\r\n\t\t\t\t<div id=\"custom-collapse-0-0\" class=\"panel-collapse collapse\">\r\n\t\t\t\t\t<div class=\"panel-body\">\n<p>L'acc\u00e8s en premi\u00e8re ann\u00e9e est ouvert : <\/p>\n<p>\n\u2022\tAux candidats ayant valid\u00e9 les deux ann\u00e9es du cycle pr\u00e9paratoire int\u00e9gr\u00e9.<br \/>\n\u2022\tAux candidats ayant r\u00e9ussi le concours national commun d\u2019admission dans les \u00e9tablissements de formation d'ing\u00e9nieurs et \u00e9tablissements assimil\u00e9s et ce dans la limite des places offertes par l'\u00e9cole.<br \/>\n\u2022\tAux candidats ayant r\u00e9ussi le concours d\u2019acc\u00e8s ouvert aux \u00e9tudiants Bac+2 (DEUG, DUT, DEUST, DEUP ou tout autre dipl\u00f4me reconnu \u00e9quivalent) ou Bac+3 (Licence ou tout autre dipl\u00f4me reconnu \u00e9quivalent) selon les pr\u00e9requis p\u00e9dagogiques et les modalit\u00e9s pr\u00e9cis\u00e9s dans le descriptif de la fili\u00e8re et dans la limite des places disponibles.\n<\/p>\n<p>L\u2019acc\u00e8s \u00e0 une fili\u00e8re de ce cycle peut se faire en deuxi\u00e8me ann\u00e9e par voie de concours pour les candidats ayant au moins un dipl\u00f4me BAC+3 (Licence ou tout autre dipl\u00f4me reconnu \u00e9quivalent) et les pr\u00e9requis \u00e9quivalents \u00e0 la premi\u00e8re ann\u00e9e de la fili\u00e8re et s\u00e9lectionn\u00e9es selon les crit\u00e8res d\u2019admission pr\u00e9cis\u00e9s dans le descriptif de la fili\u00e8re. Apr\u00e8s un classement, les candidats sont retenus selon la limite des places disponibles. <\/p>\n<p>L'ann\u00e9e universitaire est compos\u00e9e de deux semestres comprenant chacun 16 \u00e0 18 semaines d'enseignement et d'\u00e9valuation. Les p\u00e9riodes de stage ne sont pas incluses dans ces semaines. <br \/>\nL'organisation du cursus sur les six semestres de la formation est d\u00e9finie par l'\u00e9quipe p\u00e9dagogique de chacune des fili\u00e8res du cycle ing\u00e9nieur en coordination avec les instances p\u00e9dagogiques de l'\u00e9tablissement. Chaque semestre comprend 6 \u00e0 8 modules. <br \/>\nLes cinq premiers semestres de formation d'ing\u00e9nieur sont compos\u00e9s de trois blocs de modules : <\/p>\n<p>\n<i class=\"lnr lnr-arrow-right\"><\/i> Le bloc des modules scientifiques et techniques de base et de sp\u00e9cialisation, compos\u00e9, d'une part, de modules refl\u00e9tant les caract\u00e8res scientifique et technique g\u00e9n\u00e9raux de la formation d'ing\u00e9nieur et, d'autre part, de modules sp\u00e9cifiques \u00e0 une sp\u00e9cialisation dans le cadre de la fili\u00e8re. <br \/>\n<i class=\"lnr lnr-arrow-right\"><\/i> Le bloc de modules de management compos\u00e9 essentiellement de modules de management de projets, de management d'entreprise.<br \/>\n<i class=\"lnr lnr-arrow-right\"><\/i> Le bloc de modules de langues, de communication et des TIC.\n<\/p>\n<p>Le sixi\u00e8me semestre est consacr\u00e9 au stage relatif au projet de fin d\u2019\u00e9tude (PFE). Ce stage permet aux \u00e9tudiants de :<\/p>\n<p>\n\u2022\tD\u00e9couvrir la vie professionnelle et d\u2019adapter les connaissances th\u00e9oriques \u00e0 la r\u00e9alit\u00e9 industrielle.<br \/>\n\u2022\tR\u00e9aliser un travail de synth\u00e8se.<br \/>\n\u2022\tD\u00e9velopper l\u2019esprit d\u2019initiative et le travail en groupe et de renforcer la recherche bibliographique.<br \/>\n\u2022\tFaciliter l\u2019insertion professionnelle aux futurs dipl\u00f4m\u00e9s.\n<\/p>\n<\/div>\r\n\t\t\t\t<\/div>\r\n\t\t\t<\/div>\n<\/div>\n\n<h3>Fili\u00e8res ing\u00e9nieurs offertes<\/h3>\n\n<h5 style=\"margin-left: 30px;\">Fili\u00e8re ing\u00e9nieur en - G\u00e9nie Informatique -<\/h5>\n<a href=\"\/ensak\/wp-content\/uploads\/2026\/04\/Depliant-GI-25-26.pdf\" style=\"margin-left: 30px;\"><i class=\"fa fa-file-pdf-o\" aria-hidden=\"true\"><\/i> T\u00e9l\u00e9charger le d\u00e9pliant<\/a><br \/>\n\n<h5 style=\"margin-left: 30px;\">Fili\u00e8re ing\u00e9nieur en - Informatique et Ing\u00e9nierie des Donn\u00e9es -<\/h5>\n<a href=\"\/ensak\/wp-content\/uploads\/2026\/04\/Depliant-IID-25-26.pdf\" style=\"margin-left: 30px;\"><i class=\"fa fa-file-pdf-o\" aria-hidden=\"true\"><\/i> T\u00e9l\u00e9charger le d\u00e9pliant<\/a><br \/>\n\n<h5 style=\"margin-left: 30px;\">Fili\u00e8re ing\u00e9nieur en - G\u00e9nie Electrique -<\/h5>\n<a href=\"\/ensak\/wp-content\/uploads\/2026\/04\/Depliant-GE-25-26.pdf\" style=\"margin-left: 30px;\"><i class=\"fa fa-file-pdf-o\" aria-hidden=\"true\"><\/i> T\u00e9l\u00e9charger le d\u00e9pliant<\/a><br \/>\n\n<h5 style=\"margin-left: 30px;\">Fili\u00e8re ing\u00e9nieur en - Ing\u00e9nierie des R\u00e9seaux Intelligents et Cybers\u00e9curit\u00e9 -<\/h5>\n<a href=\"\/ensak\/wp-content\/uploads\/2026\/04\/Depliant-IRIC-25-26.pdf\" style=\"margin-left: 30px;\"><i class=\"fa fa-file-pdf-o\" aria-hidden=\"true\"><\/i> T\u00e9l\u00e9charger le d\u00e9pliant<\/a><br \/>\n\n<h5 style=\"margin-left: 30px;\">Fili\u00e8re ing\u00e9nieur en - G\u00e9nie des Proc\u00e9d\u00e9s, de l\u2019Energie et de l\u2019Environnement -<\/h5>\n<a href=\"\/ensak\/wp-content\/uploads\/2026\/04\/Depliant-GPEE-25-26.pdf\" style=\"margin-left: 30px;\"><i class=\"fa fa-file-pdf-o\" aria-hidden=\"true\"><\/i> T\u00e9l\u00e9charger le d\u00e9pliant<\/a>\n<h5 style=\"margin-left: 30px;\">Fili\u00e8re ing\u00e9nieur en - Management et Gouvernance des Syst\u00e8mes d\u2019Information -<\/h5>\n<a href=\"\/ensak\/wp-content\/uploads\/2026\/04\/Depliant-MGSI-25-26.pdf\" style=\"margin-left: 30px;\"><i class=\"fa fa-file-pdf-o\" aria-hidden=\"true\"><\/i> T\u00e9l\u00e9charger le d\u00e9pliant<\/a><\/div>\n\t\t<\/div><\/div><div id=\"panel-1415-0-0-1\" class=\"so-panel widget widget_text panel-last-child\" data-index=\"1\" ><div class=\"panel-widget-style panel-widget-style-for-1415-0-0-1\" ><h3 class=\"widget-title\">Formation Master en Informatique et Math\u00e9matiques pour la Science des Donn\u00e9es<\/h3>\t\t\t<div class=\"textwidget\"><p>Une fili\u00e8re du cycle Master s\u2019\u00e9tale sur deux ann\u00e9es et comporte quatre semestres (S1, S2, S3 et S4) organis\u00e9s comme suit...<\/p>\n<div class=\"panel-group\" id=\"custom-collapse-1\">\n<div class=\"panel panel-default\">\r\n\t\t\t\t<div class=\"panel-heading\">\r\n\t\t\t\t\t<h4 class=\"panel-title\">\r\n\t\t\t\t\t\t<a class=\"collapsed\" data-toggle=\"collapse\" data-parent=\"#custom-collapse-1\" href=\"#custom-collapse-1-1\">Lire la suite...<\/a>\r\n\t\t\t\t\t<\/h4>\r\n\t\t\t\t<\/div>\r\n\t\t\t\t<div id=\"custom-collapse-1-1\" class=\"panel-collapse collapse\">\r\n\t\t\t\t\t<div class=\"panel-body\">\n<p>\n\u2022\tS1 et S2 sont des semestres d\u2019\u00e9tudes fondamentales, sp\u00e9cifiques au caract\u00e8re du Master. S1 ou S1 et S2, peuvent constituer un tronc commun avec d\u2019autres fili\u00e8res du m\u00eame champ disciplinaire ; <br \/>\n\u2022\tS3 et S4 sont des semestres d\u2019approfondissement, de sp\u00e9cialisation et d\u2019initiation \u00e0 la recherche pour le Master ; ou d\u2019approfondissement, de sp\u00e9cialisation et de professionnalisation pour le Master sp\u00e9cialis\u00e9. \n<\/P>\n<p>Une fili\u00e8re du cycle Master comporte 24 modules, stage compris, r\u00e9partis en trois blocs de modules :<\/p>\n<p><i class=\"lnr lnr-arrow-right\"><\/i> Un bloc de modules majeurs y compris le stage est compos\u00e9 d\u2019enseignements g\u00e9n\u00e9raux dans la sp\u00e9cialit\u00e9 du Master ou sp\u00e9cifiques \u00e0 cette sp\u00e9cialit\u00e9. Le nombre de modules majeurs est de 19 \u00e0 20 modules, dont 6 modules consacr\u00e9s au stage.<\/p>\n<p><i class=\"lnr lnr-arrow-right\"><\/i> Un bloc de modules \"outils\" n\u00e9cessaires \u00e0 la formation (Langues, Communication professionnelle, Gestion de projets, Nouvelles Technologies, M\u00e9thodologie de recherche bibliographique ou autres). Le nombre de modules \"outils\" est de 1 \u00e0 2 modules.<\/p>\n<p><i class=\"lnr lnr-arrow-right\"><\/i> Un bloc de modules compl\u00e9mentaires, constitu\u00e9 de modules d\u2019option, de sp\u00e9cialisation ou d\u2019ouverture en relation avec le domaine de sp\u00e9cialisation de la formation. Le nombre de modules compl\u00e9mentaires est de 1 \u00e0 3 modules.<\/p>\n<p>Chaque semestre est constitu\u00e9 de 6 modules. <\/p>\n<\/div>\r\n\t\t\t\t<\/div>\r\n\t\t\t<\/div>\n<\/div>\n\n<a href=\"\/ensak\/wp-content\/uploads\/2026\/04\/Depliant-MIMSD-25-26.pdf\" style=\"margin-left: 30px;\"><i class=\"fa fa-file-pdf-o\" aria-hidden=\"true\"><\/i> T\u00e9l\u00e9charger le d\u00e9pliant<\/a><\/div>\n\t\t<\/div><\/div><\/div><\/div><\/div><\/div>","protected":false},"excerpt":{"rendered":"<p>Une formation scientifique, technologique et humaine de haut niveau La formation s\u2019\u00e9tale sur 5 ann\u00e9es : les deux ann\u00e9es pr\u00e9paratoires et les 3 ann\u00e9es du cycle ing\u00e9nieur. T\u00e9l\u00e9charger l\u2019organigramme Ann\u00e9es Pr\u00e9paratoires Int\u00e9gr\u00e9es Permet \u00e0 l\u2019\u00e9l\u00e8ve ing\u00e9nieur d\u2019acqu\u00e9rir des connaissances solides en math\u00e9matiques et physique ainsi qu\u2019une initiation \u00e0 l\u2019informatique. T\u00e9l\u00e9charger le d\u00e9pliant Cycle Ing\u00e9nieur d\u2019Etat [&hellip;]<\/p>\n","protected":false},"author":2,"featured_media":0,"parent":0,"menu_order":0,"comment_status":"closed","ping_status":"closed","template":"page-templates\/tpl-pagebuilder.php","meta":{"ngg_post_thumbnail":0,"cybocfi_hide_featured_image":""},"acf":[],"_links":{"self":[{"href":"http:\/\/ensak.usms.ac.ma\/ensak\/wp-json\/wp\/v2\/pages\/1415"}],"collection":[{"href":"http:\/\/ensak.usms.ac.ma\/ensak\/wp-json\/wp\/v2\/pages"}],"about":[{"href":"http:\/\/ensak.usms.ac.ma\/ensak\/wp-json\/wp\/v2\/types\/page"}],"author":[{"embeddable":true,"href":"http:\/\/ensak.usms.ac.ma\/ensak\/wp-json\/wp\/v2\/users\/2"}],"replies":[{"embeddable":true,"href":"http:\/\/ensak.usms.ac.ma\/ensak\/wp-json\/wp\/v2\/comments?post=1415"}],"version-history":[{"count":116,"href":"http:\/\/ensak.usms.ac.ma\/ensak\/wp-json\/wp\/v2\/pages\/1415\/revisions"}],"predecessor-version":[{"id":9111,"href":"http:\/\/ensak.usms.ac.ma\/ensak\/wp-json\/wp\/v2\/pages\/1415\/revisions\/9111"}],"wp:attachment":[{"href":"http:\/\/ensak.usms.ac.ma\/ensak\/wp-json\/wp\/v2\/media?parent=1415"}],"curies":[{"name":"wp","href":"https:\/\/api.w.org\/{rel}","templated":true}]}}